{"id":110,"date":"2007-09-24T16:42:23","date_gmt":"2007-09-24T14:42:23","guid":{"rendered":"http:\/\/jav\/news\/?page_id=110"},"modified":"2010-07-28T12:51:18","modified_gmt":"2010-07-28T11:51:18","slug":"forum-associations-2007","status":"publish","type":"page","link":"https:\/\/www.jeuxavolonte.asso.fr\/news\/forum-associations-2007\/","title":{"rendered":"Le Forum des associations 22\/09\/2007 23\/09\/2007"},"content":{"rendered":"<table>\n<tr>\n<td width='300'><img src='\/news\/wp-content\/uploads\/20070922\/001.jpg'><\/td>\n<td width='300'><img src='\/news\/wp-content\/uploads\/20070922\/002.jpg'><\/td>\n<td width='300'><img src='\/news\/wp-content\/uploads\/20070922\/003.jpg'><\/td>\n<\/tr>\n<tr>\n<td width='300'><img src='\/news\/wp-content\/uploads\/20070922\/004.jpg'><\/td>\n<td width='300' class='img_sans_cadre'>Sur le forum on nous avait r\u00e9serv\u00e9 une toute petite place riquiqui avec une table dans un coin isol\u00e9 (4 premi\u00e8re photos)<\/p>\n<p>D&rsquo;o\u00f9 mon air tout triste sur les photos.<\/td>\n<td width='300'><img src='\/news\/wp-content\/uploads\/20070922\/005.jpg'><\/td>\n<\/tr>\n<tr>\n<td width='300'><img src='\/news\/wp-content\/uploads\/20070922\/006.jpg'><\/td>\n<td width='300' class='img_sans_cadre'>Nous avons r\u00e9ussi \u00e0 n\u00e9gocier une belle place face \u00e0 l&rsquo;escalier avec 2 table et un panneau d&rsquo;affichage.<\/p>\n<p>Donc Guillaume est content \ud83d\ude09<\/td>\n<td width='300'><img src='\/news\/wp-content\/uploads\/20070922\/007.jpg'><\/td>\n<\/tr>\n<tr>\n<td width='300'><img src='\/news\/wp-content\/uploads\/20070922\/008.jpg'><\/td>\n<td width='300' class='img_sans_cadre'>Bon bah voil\u00e0 il n&rsquo;y a plus qu&rsquo;\u00e0 attendre le client&#8230;<\/td>\n<td width='300'><img src='\/news\/wp-content\/uploads\/20070922\/009.jpg'><\/td>\n<\/tr>\n<tr>\n<td width='300'><img src='\/news\/wp-content\/uploads\/20070922\/010.jpg'><\/td>\n<td width='300' class='img_sans_cadre'>Bon toujours personne&#8230; C&rsquo;est un peu mort ce forum \ud83d\ude09<\/td>\n<td width='300'><img src='\/news\/wp-content\/uploads\/20070922\/011.jpg'><\/td>\n<\/tr>\n<tr>\n<td width='300'><img src='\/news\/wp-content\/uploads\/20070922\/012.jpg'><\/td>\n<td width='300' class='img_sans_cadre'>Notre beau stand sous toutes les coutures&#8230;<\/p>\n<p>On a du temps on peut prendre plein de photos<\/td>\n<td width='300'><img src='\/news\/wp-content\/uploads\/20070922\/013.jpg'><\/td>\n<\/tr>\n<tr>\n<td width='300'><img src='\/news\/wp-content\/uploads\/20070922\/014.jpg'><\/td>\n<td width='300' class='img_sans_cadre'>Le forum vu de haut.<\/p>\n<p>Guillaume qui s&rsquo;ennuie.<\/td>\n<td width='300'><img src='\/news\/wp-content\/uploads\/20070922\/015.jpg'><\/td>\n<\/tr>\n<tr>\n<td width='300'><img src='\/news\/wp-content\/uploads\/20070922\/016.jpg'><\/td>\n<td width='300' class='img_sans_cadre'>Il a installer \u00a0\u00bbles aventuriers du rail\u00a0\u00bb en g\u00e9n\u00e9rale \u00e7a marche bien comme appat.<\/p>\n<p>Les moutons aussi c&rsquo;est sympa.<\/td>\n<td width='300'><img src='\/news\/wp-content\/uploads\/20070922\/017.jpg'><\/td>\n<\/tr>\n<tr>\n<td width='300'><img src='\/news\/wp-content\/uploads\/20070922\/018.jpg'><\/td>\n<td width='300' class='img_sans_cadre'>L&rsquo;arriv\u00e9e de Jean Luc !!!<\/p>\n<p>On va se sentir moins seul.<\/td>\n<td width='300'><img src='\/news\/wp-content\/uploads\/20070922\/019.jpg'><\/td>\n<\/tr>\n<tr>\n<td width='300'><img src='\/news\/wp-content\/uploads\/20070922\/020.jpg'><\/td>\n<td width='300' class='img_sans_cadre'>Jean Luc fait le tour des jeux&#8230;<\/p>\n<p>Tu me revoil\u00e0 de chez le coiffeur&#8230;<\/td>\n<td width='300'><img src='\/news\/wp-content\/uploads\/20070922\/021.jpg'><\/td>\n<\/tr>\n<tr>\n<td width='300'><img src='\/news\/wp-content\/uploads\/20070922\/022.jpg'><\/td>\n<td width='300' class='img_sans_cadre'>Un petit Perudo pour faire passer le temps et mettre un peu d&rsquo;ambiance.<\/td>\n<td width='300'><img src='\/news\/wp-content\/uploads\/20070922\/023.jpg'><\/td>\n<\/tr>\n<tr>\n<td width='300'><img src='\/news\/wp-content\/uploads\/20070922\/024.jpg'><\/td>\n<td width='300' class='img_sans_cadre'>Un Sankt Petersburg pour laisser une chance \u00e0 Jean Luc de nous battre \u00e0 plat de couture.<\/p>\n<p>C&rsquo;est normal il s&rsquo;entraine sur Internet.<\/td>\n<td width='300'><img src='\/news\/wp-content\/uploads\/20070922\/025.jpg'><\/td>\n<\/tr>\n<tr>\n<td width='300'><img src='\/news\/wp-content\/uploads\/20070922\/026.jpg'><\/td>\n<td width='300' class='img_sans_cadre'>Des photos de nous pour clore cette journ\u00e9e qui nous a ramener 0 adh\u00e9rent.<\/p>\n<p>C&rsquo;est pas grave on a bien jou\u00e9 \ud83d\ude09<\/td>\n<td width='300'><img src='\/news\/wp-content\/uploads\/20070922\/027.jpg'><\/td>\n<\/tr>\n<tr>\n<td width='300'><img src='\/news\/wp-content\/uploads\/20070922\/028.jpg'><\/td>\n<td width='300'><img src='\/news\/wp-content\/uploads\/20070922\/029.jpg'><\/td>\n<td width='300'><img src='\/news\/wp-content\/uploads\/20070922\/030.jpg'><\/td>\n<\/tr>\n<\/table>\n","protected":false},"excerpt":{"rendered":"<p>Sur le forum on nous avait r\u00e9serv\u00e9 une toute petite place riquiqui avec une table dans un coin isol\u00e9 (4 premi\u00e8re photos) D&rsquo;o\u00f9 mon air tout triste sur les photos. Nous avons r\u00e9ussi \u00e0 n\u00e9gocier une belle place face \u00e0 l&rsquo;escalier avec 2 table et un panneau d&rsquo;affichage. Donc Guillaume est content \ud83d\ude09 Bon bah [&hellip;]<\/p>\n","protected":false},"author":2,"featured_media":0,"parent":0,"menu_order":0,"comment_status":"open","ping_status":"open","template":"","meta":{"image":"","nb_joueurs":"","nb_parties":"","nb_photos":"","footnotes":""},"class_list":["post-110","page","type-page","status-publish","hentry"],"_links":{"self":[{"href":"https:\/\/www.jeuxavolonte.asso.fr\/news\/wp-json\/wp\/v2\/pages\/110","targetHints":{"allow":["GET"]}}],"collection":[{"href":"https:\/\/www.jeuxavolonte.asso.fr\/news\/wp-json\/wp\/v2\/pages"}],"about":[{"href":"https:\/\/www.jeuxavolonte.asso.fr\/news\/wp-json\/wp\/v2\/types\/page"}],"author":[{"embeddable":true,"href":"https:\/\/www.jeuxavolonte.asso.fr\/news\/wp-json\/wp\/v2\/users\/2"}],"replies":[{"embeddable":true,"href":"https:\/\/www.jeuxavolonte.asso.fr\/news\/wp-json\/wp\/v2\/comments?post=110"}],"version-history":[{"count":0,"href":"https:\/\/www.jeuxavolonte.asso.fr\/news\/wp-json\/wp\/v2\/pages\/110\/revisions"}],"wp:attachment":[{"href":"https:\/\/www.jeuxavolonte.asso.fr\/news\/wp-json\/wp\/v2\/media?parent=110"}],"curies":[{"name":"wp","href":"https:\/\/api.w.org\/{rel}","templated":true}]}}